{"id":3,"date":"2023-10-22T16:00:34","date_gmt":"2023-10-22T16:00:34","guid":{"rendered":"https:\/\/makeyourcake23.de\/?page_id=3"},"modified":"2023-12-07T09:12:46","modified_gmt":"2023-12-07T08:12:46","slug":"privacy-policy","status":"publish","type":"page","link":"https:\/\/makeyourcake23.de\/?page_id=3","title":{"rendered":"Datenschutzerkl\u00e4rung"},"content":{"rendered":"\n<h2 class=\"wp-block-heading has-x-large-font-size\">Wer wir sind<\/h2>\n\n\n\n<p>Die Adresse unserer Website ist: https:\/\/makeyourcake23.de<\/p>\n\n\n\n<h2 class=\"wp-block-heading has-x-large-font-size\">Verantwortliche Person f\u00fcr die Datenverarbeitung<\/h2>\n\n\n\n<p><\/p>\n\n\n\n<p>Ines Erbacher<br>Wolfstal 17<br>97956 Werbach<br>+49 178 5708488<br>info@makeyourcake23.de<\/p>\n\n\n\n<h2 class=\"wp-block-heading has-x-large-font-size\">Hosting<\/h2>\n\n\n\n<p><\/p>\n\n\n\n<p>Dienste zum Hosten und zur Darstellen der Webseite werden teilweise durch den Webhosting Anbieter Strato AG Dienstleister in unserem Auftrag erbracht. Alle erhoben Daten aus Formularen auf dieser Webseite werden auf dessen Servern verarbeitet. Detaillierte Informationen zur Verarbeitung und Nutzung der Daten durch Strato AG entnehmen Sie bitte den verlinkten Datenschutzhinweisen des Webhosting Anbieters. <a href=\"https:\/\/www.strato.de\/datenschutz\/\" data-type=\"link\" data-id=\"https:\/\/www.strato.de\/datenschutz\/\">hier<\/a><\/p>\n\n\n\n<p><\/p>\n\n\n\n<h2 class=\"wp-block-heading has-x-large-font-size\">Cookies<\/h2>\n\n\n\n<p><\/p>\n\n\n\n<p>Wenn du einen Kommentar auf unserer Website schreibst, kann das eine Einwilligung sein, deinen Namen, E-Mail-Adresse und Website in Cookies zu speichern. Dies ist eine Komfortfunktion, damit du nicht, wenn du einen weiteren Kommentar schreibst, all diese Daten erneut eingeben musst. Diese Cookies werden ein Jahr lang gespeichert.<\/p>\n\n\n\n<p>Falls du ein Konto hast und dich auf dieser Website anmeldest, werden wir ein tempor\u00e4res Cookie setzen, um festzustellen, ob dein Browser Cookies akzeptiert. Dieses Cookie enth\u00e4lt keine personenbezogenen Daten und wird verworfen, wenn du deinen Browser schlie\u00dft.<\/p>\n\n\n\n<p>Wenn du dich anmeldest, werden wir einige Cookies einrichten, um deine Anmeldeinformationen und Anzeigeoptionen zu speichern. Anmelde-Cookies verfallen nach zwei Tagen und Cookies f\u00fcr die Anzeigeoptionen nach einem Jahr. Falls du bei der Anmeldung \u201eAngemeldet bleiben\u201c ausw\u00e4hlst, wird deine Anmeldung zwei Wochen lang aufrechterhalten. Mit der Abmeldung aus deinem Konto werden die Anmelde-Cookies gel\u00f6scht.<\/p>\n\n\n\n<p>Wenn du einen Artikel bearbeitest oder ver\u00f6ffentlichst, wird ein zus\u00e4tzlicher Cookie in deinem Browser gespeichert. Dieser Cookie enth\u00e4lt keine personenbezogenen Daten und verweist nur auf die Beitrags-ID des Artikels, den du gerade bearbeitet hast. Der Cookie verf\u00e4llt nach einem Tag.<\/p>\n\n\n\n<p><\/p>\n\n\n\n<h2 class=\"wp-block-heading has-x-large-font-size\">Eingebettete Inhalte von anderen Websites<\/h2>\n\n\n\n<p><\/p>\n\n\n\n<p>Beitr\u00e4ge auf dieser Website k\u00f6nnen eingebettete Inhalte beinhalten (z.&nbsp;B. Videos, Bilder, Beitr\u00e4ge etc.). Eingebettete Inhalte von anderen Websites verhalten sich exakt so, als ob der Besucher die andere Website besucht h\u00e4tte.<\/p>\n\n\n\n<p>Diese Websites k\u00f6nnen Daten \u00fcber dich sammeln, Cookies benutzen, zus\u00e4tzliche Tracking-Dienste von Dritten einbetten und deine Interaktion mit diesem eingebetteten Inhalt aufzeichnen, inklusive deiner Interaktion mit dem eingebetteten Inhalt, falls du ein Konto hast und auf dieser Website angemeldet bist.<\/p>\n\n\n\n<p><\/p>\n\n\n\n<h2 class=\"wp-block-heading has-x-large-font-size\">Kontaktaufnahme \/ Kundenkommunikation<\/h2>\n\n\n\n<p><\/p>\n\n\n\n<p>Es werden personenbezogene Daten erhoben, wenn Sie uns diese bei einer Kontaktaufnahme mit uns (z.B. per Kontaktformular oder E-Mail) freiwillig mitteilen. Pflichtfelder werden als solche gekennzeichnet, da wir in diesen F\u00e4llen die Daten zwingend zur Bearbeitung Ihrer Kontaktaufnahme ben\u00f6tigen. Die angegeben Daten dienen lediglich der Kommunikation mit Ihnen und werden nicht an Dritte weitergegeben.<\/p>\n\n\n\n<p><\/p>\n\n\n\n<h2 class=\"wp-block-heading has-x-large-font-size\">Social Media<\/h2>\n\n\n\n<p><\/p>\n\n\n\n<p>Besuchen Sie unsere Onlinepr\u00e4senzen auf den unten genannten sozialen Medien werden Ihre Daten f\u00fcr Marktforschungs- und Werbezwecke automatisch erhoben und gespeichert. Detaillierte Informationen zur Verarbeitung und Nutzung der Daten durch den jeweiligen Social Media Betreiber entnehmen Sie bitte den unten verlinkten Datenschutzhinweisen der Social Media Betreiber.<\/p>\n\n\n\n<p><a rel=\"noreferrer noopener\" href=\"http:\/\/help.instagram.com\/519522125107875\" target=\"_blank\"><strong>Instagram<\/strong>&nbsp;(by Meta)<\/a>&nbsp;ist ein Angebot der Meta Platforms Ireland Ltd., 4 Grand Canal Square, Dublin 2, Irland (\u201eMeta Platforms Ireland\u201c) Die durch Meta Platforms Ireland automatisch erhobenen Informationen \u00fcber Ihre Nutzung unserer Online-Pr\u00e4senz auf Instagram werden in der Regel an einen Server der Meta Platforms, Inc., 1 Hacker Way, Menlo Park, California 94025, USA \u00fcbertragen und dort gespeichert. F\u00fcr die USA liegt kein Angemessenheitsbeschluss der Europ\u00e4ischen Kommission vor. Unsere Zusammenarbeit mit ihnen st\u00fctzt sich auf Standarddatenschutzklauseln der Europ\u00e4ischen Kommission.&nbsp; Die Datenverarbeitung im Rahmen des Besuchs einer Instagram (by Meta) Fanpage erfolgt auf Grundlage einer Vereinbarung zwischen gemeinsam Verantwortlichen gem\u00e4\u00df Art. 26 DSGVO. Weitere Informationen (Informationen zu Insights-Daten) finden Sie&nbsp;<a rel=\"noreferrer noopener\" href=\"https:\/\/www.facebook.com\/legal\/terms\/information_about_page_insights_data\" target=\"_blank\">hier<\/a>.<\/p>\n\n\n\n<p><a href=\"http:\/\/www.facebook.com\/about\/privacy\/\"><strong>Facebook\u00a0<\/strong>(by Meta)<\/a>\u00a0ist ein Angebot der Meta Platforms Ireland Ltd., 4 Grand Canal Square, Dublin 2, Irland (\u201eMeta Platforms Ireland\u201c). Die durch Meta Platforms Ireland automatisch erhobenen Informationen \u00fcber Ihre Nutzung unserer Online-Pr\u00e4senz auf Facebook (by Meta) werden in der Regel an einen Server der Meta Platforms, Inc., 1 Hacker Way, Menlo Park, California 94025, USA \u00fcbertragen und dort gespeichert. F\u00fcr die USA liegt kein Angemessenheitsbeschluss der Europ\u00e4ischen Kommission vor. Unsere Zusammenarbeit mit ihnen st\u00fctzt sich auf Standarddatenschutzklauseln der Europ\u00e4ischen Kommission.\u00a0 Die Datenverarbeitung im Rahmen des Besuchs einer Facebook (by Meta) Fanpage erfolgt auf Grundlage einer Vereinbarung zwischen gemeinsam Verantwortlichen gem\u00e4\u00df Art. 26 DSGVO. Weitere Informationen (Informationen zu Insights-Daten) finden Sie\u00a0<a href=\"https:\/\/www.facebook.com\/legal\/terms\/information_about_page_insights_data\" target=\"_blank\" rel=\"noreferrer noopener\">hier<\/a>.<\/p>\n\n\n\n<p><\/p>\n\n\n\n<h2 class=\"wp-block-heading has-x-large-font-size\">Wie lange wir deine Daten speichern<\/h2>\n\n\n\n<p><\/p>\n\n\n\n<p>Wenn du einen Kommentar schreibst, wird dieser inklusive Metadaten zeitlich unbegrenzt gespeichert. Auf diese Art k\u00f6nnen wir Folgekommentare automatisch erkennen und freigeben, anstatt sie in einer Moderations-Warteschlange festzuhalten.<\/p>\n\n\n\n<p>F\u00fcr Benutzer, die sich auf unserer Website registrieren, speichern wir zus\u00e4tzlich die pers\u00f6nlichen Informationen, die sie in ihren Benutzerprofilen angeben. Alle Benutzer k\u00f6nnen jederzeit ihre pers\u00f6nlichen Informationen einsehen, ver\u00e4ndern oder l\u00f6schen (der Benutzername kann nicht ver\u00e4ndert werden). Administratoren der Website k\u00f6nnen diese Informationen ebenfalls einsehen und ver\u00e4ndern.<\/p>\n\n\n\n<p><\/p>\n\n\n\n<h2 class=\"wp-block-heading has-x-large-font-size\">Welche Rechte du an deinen Daten hast<\/h2>\n\n\n\n<p><\/p>\n\n\n\n<p>Wenn du ein Konto auf dieser Website besitzt oder Kommentare geschrieben hast, kannst du einen Export deiner personenbezogenen Daten bei uns anfordern, inklusive aller Daten, die du uns mitgeteilt hast. Dar\u00fcber hinaus kannst du die L\u00f6schung aller personenbezogenen Daten, die wir von dir gespeichert haben, anfordern. Dies umfasst nicht die Daten, die wir aufgrund administrativer, rechtlicher oder sicherheitsrelevanter Notwendigkeiten aufbewahren m\u00fcssen.<\/p>\n","protected":false},"excerpt":{"rendered":"<p>Wer wir sind Die Adresse unserer Website ist: https:\/\/makeyourcake23.de Verantwortliche Person f\u00fcr die Datenverarbeitung Ines ErbacherWolfstal 1797956 Werbach+49 178 5708488info@makeyourcake23.de Hosting Dienste zum Hosten und zur Darstellen der Webseite werden [&hellip;]<\/p>\n","protected":false},"author":1,"featured_media":0,"parent":0,"menu_order":0,"comment_status":"closed","ping_status":"open","template":"","meta":{"pgc_sgb_lightbox_settings":"","_EventAllDay":false,"_EventTimezone":"","_EventStartDate":"","_EventEndDate":"","_EventStartDateUTC":"","_EventEndDateUTC":"","_EventShowMap":false,"_EventShowMapLink":false,"_EventURL":"","_EventCost":"","_EventCostDescription":"","_EventCurrencySymbol":"","_EventCurrencyCode":"","_EventCurrencyPosition":"","_EventDateTimeSeparator":"","_EventTimeRangeSeparator":"","_EventOrganizerID":[],"_EventVenueID":[],"_OrganizerEmail":"","_OrganizerPhone":"","_OrganizerWebsite":"","_VenueAddress":"","_VenueCity":"","_VenueCountry":"","_VenueProvince":"","_VenueState":"","_VenueZip":"","_VenuePhone":"","_VenueURL":"","_VenueStateProvince":"","_VenueLat":"","_VenueLng":"","_VenueShowMap":false,"_VenueShowMapLink":false,"footnotes":""},"class_list":["post-3","page","type-page","status-publish","hentry"],"jetpack_sharing_enabled":true,"_links":{"self":[{"href":"https:\/\/makeyourcake23.de\/index.php?rest_route=\/wp\/v2\/pages\/3","targetHints":{"allow":["GET"]}}],"collection":[{"href":"https:\/\/makeyourcake23.de\/index.php?rest_route=\/wp\/v2\/pages"}],"about":[{"href":"https:\/\/makeyourcake23.de\/index.php?rest_route=\/wp\/v2\/types\/page"}],"author":[{"embeddable":true,"href":"https:\/\/makeyourcake23.de\/index.php?rest_route=\/wp\/v2\/users\/1"}],"replies":[{"embeddable":true,"href":"https:\/\/makeyourcake23.de\/index.php?rest_route=%2Fwp%2Fv2%2Fcomments&post=3"}],"version-history":[{"count":4,"href":"https:\/\/makeyourcake23.de\/index.php?rest_route=\/wp\/v2\/pages\/3\/revisions"}],"predecessor-version":[{"id":447,"href":"https:\/\/makeyourcake23.de\/index.php?rest_route=\/wp\/v2\/pages\/3\/revisions\/447"}],"wp:attachment":[{"href":"https:\/\/makeyourcake23.de\/index.php?rest_route=%2Fwp%2Fv2%2Fmedia&parent=3"}],"curies":[{"name":"wp","href":"https:\/\/api.w.org\/{rel}","templated":true}]}}